r when v is divided by 7.
5
Let a = 273 - 259. Calculate the remainder when 167 is divided by a.
13
Let f = 351 - 177. What is the remainder when f is divided by 35?
34
Let c be 3*(-3 - 28/(-12)). What is the remainder when 33 is divided by (-3)/((c/9*3)/2)?
6
Let k be (8*-1)/2 + 12/2. Suppose l = k*m - 3*m + 48, 3*m - 100 = -2*l. What is the remainder when l is divided by 12?
8
Suppose a = 4*a. Suppose a = 5*y - 2*m - 101, -4*m + 7 - 19 = 0. What is the remainder when 55 is divided by y?
17
Suppose -s - 2 = -50. Suppose -11*h = s - 301. What is the remainder when h is divided by 7?
2
Let w = -23 - -32. Calculate the remainder when w/(0 + (-2 - -3)) is divided by 5.
4
Let a(r) = r + 12. Calculate the remainder when 129 is divided by a(23).
24
Let q = -47 - -238. Let d = q + -77. What is the remainder when d is divided by 29?
27
Let n(a) = 2*a**2 - 3*a - 4. Let d = -15 + 40. Calculate the remainder when n(3) is divided by (-15)/(-6)*20/d.
1
What is the remainder when 443 is divided by (-63)/9 + 30 - 12/(-6)?
18
Suppose -u - 50 = -60. Let b(d) = 3*d**2 - 4*d - 7. What is the remainder when b(5) is divided by u?
8
Suppose 4*y - 180 = -2*y. Suppose 6*t - 18 = y. What is the remainder when 15 is divided by t?
7
Calculate the remainder when 196 is divided by 6/(((-3)/6*2)/(-5)).
16
Let g(v) = -v**3 - 7*v**2 - 3*v + 5. Let i be g(-6). Let w = 55 - i. Calculate the remainder when w is divided by 19.
11
Suppose 3*n = -g - 9 - 0, 12 = -3*n. Calculate the remainder when (48/(g + 5))/(2/15) is divided by 23.
22
Let y = 546 - 518. What is the remainder when y is divided by 2?
0
Let u = -489 + 500. Suppose -4*h + 52 = -16. Suppose -t = 5*l - 56, -t + 5*l = -9 - h. Calculate the remainder when t is divided by u.
8
Suppose 0 = -4*p + 7*p + 60. Let f(m) = -20*m - 3. Let k be f(-2). Let q = k + p. What is the remainder when 82 is divided by q?
14
Suppose -6*j - 24 = -72. Suppose -j = -5*x + 12. Suppose 3*n - 243 = -3*h, 0 = -x*h - 0*h + 5*n + 297. What is the remainder when h is divided by 16?
14
Let v(b) = -18*b - 14. Let c(y) = 6*y + 5. Let u(q) = -14*c(q) - 5*v(q). Let f be u(15). Suppose o - f = -o. What is the remainder when o is divided by 16?
13
Suppose 22*a - 556 + 28 = 0. Calculate the remainder when (-1)/1 + -1 - -97 is divided by a.
23
Let y be ((-83)/(-2))/((-10)/(-20)). Let i = y - 26. Calculate the remainder when i is divided by 15.
12
Suppose -152*w + 147*w = -4485. What is the remainder when w is divided by 90?
87
Suppose 1 = -2*t + 5. Calculate the remainder when 13 is divided by (12/(-8))/(t/(-4)).
1
Let r(o) = 6*o + 47. Calculate the remainder when r(6) is divided by 29.
25
Let t(f) = 2*f - 3. Let n be t(3). Suppose -n*c = -4*c + 37. What is the remainder when 72 is divided by c?
35
Suppose -i - 4*i = -305. What is the remainder when 121 is divided by i?
60
Let i(m) = -4*m - 24. What is the remainder when 1*(-1)/((-1)/21) is divided by i(-8)?
5
Suppose 20*k + 452 = 22*k. What is the remainder when k is divided by 60?
46
Let t be (-2)/(2/531*-3). Suppose b - n + t = n, -5*b = 3*n + 898. Calculate the remainder when (-4)/(-20) - b/5 is divided by 13.
10
Suppose 4*x - f = 8, -4*x + 3 + 5 = 3*f. Calculate the remainder when ((-114)/(-9))/(x/3) is divided by 10.
9
Let m(y) = 10*y + 477. Let d(i) = -1 + 6*i + 1 + 1. What is the remainder when d(2) is divided by m(-47)?
6
Let r = 726 + 252. Calculate the remainder when r is divided by 14.
12
Suppose -54 = -4*q - 22. Calculate the remainder when 14/3 - q/12 is divided by 2.
0
Let g(j) = -j**2 - 9*j + 5. Let r be g(-9). Suppose -4*s + 136 = 4*k, k - r = -3*s + 23. What is the remainder when k is divided by 11?
4
Let a(p) = -p**3 - 9*p**2 + 2*p - 11. Let l be a(-8). Let b = -56 - l. Calculate the remainder when b is divided by (-12)/30 + 47/5.
8
Suppose -7*n - 180 = -13*n. Calculate the remainder when 205 is divided by n.
25
Let r(v) = -7*v**3 - 12*v**2 - 14*v + 5. Calculate the remainder when 2498 is divided by r(-2).
38
Let v(p) = -5*p**3 - 6*p**2 - 4*p + 7. Suppose -5*d - 3 = -6*d, 3*q - 6 = -5*d. Calculate the remainder when v(q) is divided by 22.
12
Let n(y) = 131*y - 53. Calculate the remainder when n(1) is divided by 34.
10
Let p = -55 - -80. Calculate the remainder when ((-196)/3)/(576/(-54) + 10) is divided by p.
23
Let g(k) = -9*k + 4. Let u(f) = 9*f - 4. Let n(w) = -2*g(w) - 3*u(w). What is the remainder when n(-5) is divided by 13?
10
Let g = 1191 + -1165. Suppose 4*x - 9 = 19. Calculate the remainder when g is divided by x.
5
Let a = -45 - -35. Let b = a + 21. Suppose 5*w = w + 216. What is the remainder when w is divided by b?
10
Suppose -3*c + 10 = 2*r, 0 = -5*c + r - 4 + 38. Suppose a + a = 2*o - 12, 4*a + o + 9 = 0. What is the remainder when c is divided by (0/3 - -6) + a?
0
Let n(s) = 6 - 7*s**2 - 7*s**3 + 6*s**3 + s**2 + 7*s. Let q(z) = 4*z**2 - 6. Calculate the remainder when q(-2) is divided by n(-7).
4
Let s(o) = -34*o**3 + o**2 - 1. Suppose 9 = -2*d + j, -5*d = 5*j + 25 + 20. Let b(y) = -y + 6. What is the remainder when s(-1) is divided by b(d)?
10
Let l = -179 + 294. What is the remainder when l is divided by 6?
1
Suppose 0 = -15*l + 10*l - 3*n + 285, l - n = 65. Calculate the remainder when 133 is divided by l.
13
Let x(l) = 4*l**2 + l + 1. Let p be x(-1). Let w(f) = p + f - 2 + 7. Calculate the remainder when w(-6) is divided by 2.
1
Let b(a) = a + 1. Let h(r) = -r + 5. Let z(q) = 6*b(q) - h(q). Calculate the remainder when z(5) is divided by 19.
17
Suppose z + 0*j + 24 = -5*j, 2*z = 3*j + 4. Let q be 1/z + (-17)/(-4). What is the remainder when q/6 + 388/12 is divided by 12?
9
Let c = 88 + 197. Calculate the remainder when c is divided by 42.
33
Let u(w) = 6*w - 22*w**2 - 16*w + 15*w**2 - w**3 - 10. Calculate the remainder when 26 - (-2 - (-2 + 0)) is divided by u(-6).
12
Suppose 10 = -y - 8. Let d = 25 + y. What is the remainder when 13 is divided by d?
6
What is the remainder when 105 is divided by (5 + -3)/(4/110)?
50
Suppose 4 = -3*r + 3*h + 25, -r + 9 = -2*h. Suppose 4*d - 108 = -2*n, -5*d + r*n = n - 109. Calculate the remainder when 72 is divided by d.
22
Let t = -199 - -359. Calculate the remainder when t is divided by 56.
48
Suppose 0 = h - 4*s - 31, 5*s - 4 + 31 = h. What is the remainder when h is divided by 3?
2
Suppose 4433 = 20*t + 11*t. Calculate the remainder when t is divided by 27.
8
Suppose -2*o + 105 = -b + 6*b, o = -3*b + 63. Let t = b + -16. Suppose 3*n - t = 7. Calculate the remainder when n is divided by 2.
0
Let c(o) = -o**2 + 25. Calculate the remainder when 152 is divided by c(0).
2
Suppose -105 = -3*o - 2*u, 3*u + 197 = 5*o - u. Let h = -32 + -124. Calculate the remainder when o is divided by (-9)/(-6)*h/(-18).
11
Suppose 12*f - 196 = 5*f. Suppose 0 = 3*k - 9 + 3. Suppose -2*j + 14 = k. Calculate the remainder when f is divided by j.
4
Suppose 3*q + 4*o = -25 + 77, -5*o = 10. Calculate the remainder when q is divided by 12.
8
Let v = 52 + -86. Let a = v + 78. What is the remainder when a is divided by 15?
14
Let o(u) = 5*u**2 - 10*u - 1. Let q be o(3). Suppose 46*v - 45*v = q. What is the remainder when -3*1/(-3)*41 is divided by v?
13
Suppose 0 = -2*y + 3*y - 460. Suppose -y = -5*k + 3*d, -5*d - 292 = -k - 2*k. Calculate the remainder when k is divided by 23.
20
Suppose -48 = 5*m - 138. Suppose -m*k + 14*k = -32. What is the remainder when 22 is divided by k?
6
Let n(g) = -307*g**3 + 2*g**2 - 2*g. Let f be n(1). Let q = -296 - f. Suppose -2*l + 74 = -10. Calculate the remainder when l is divided by q.
9
Let f = 46 + 78. Suppose 2*s = -2*s + f. Calculate the remainder when 60 is divided by s.
29
Let j = 629 + -299. What is the remainder when j is divided by 37?
34
Let o = 190 - 76. Suppose 0 = k - 2, j = k + 7. What is the remainder when o is divided by j?
6
Let x(g) = g**3 - g**2 - g. Let b(m) = -7*m**3 + 2*m**2 + 14*m. Let h(v) = b(v) + 6*x(v). Calculate the remainder when 69 is divided by h(-6).
21
Let u = 91 + -41. Let i = 17 + u. Calculate the remainder when i is divided by 34.
33
Let p(k) = -29*k - 2. What is the remainder when p(-2) is divided by 11/(231/63) - (-16 + -1)?
16
Let b(j) = -4*j**2 + 22*j + 56. What is the remainder when 447 is divided by b(7)?
13
Let k(i) = -i + 1. Let m be k(0). Calculate the remainder when 61 is divided